f*x(j) - 2*n(j). Determine o(-6).
8
Let r(n) = -n**3 - 8*n**2 - n - 8. Suppose -30*d + 24*d = -12. Let y be (-9)/(-3) - d*(-44)/(-8). What is r(y)?
0
Let v(o) = o**3 - 2*o**2 + 1. Let f(c) = 5*c**3 + 3*c**2 + 2*c + 1. Let w(t) = f(t) + 2*v(t). What is w(-1)?
-7
Let p(x) = 5*x**2 - 18*x + 12. Let y(l) = -2*l**2 + 6*l - 4. Let f(o) = 3*p(o) + 8*y(o). Let q = 17 - 3. Let d be (q/(-2) + 2)*1. Give f(d).
9
Let z = -22 - 48. Let s = -70 - z. Let p(w) be the third derivative of w**6/120 - w**5/60 + 7*w**3/3 - w**2. Give p(s).
14
Let m = -345 - -340. Let r(a) = 3*a + 10. Give r(m).
-5
Let r(i) = -i**3 - 16*i**2 - 14*i + 11. Let u be r(-15). Let c = u + 3. Let t(b) = 1 + 4*b**2 + 2*b + b**2 + 6*b**2. What is t(c)?
10
Let g(m) = 75 - 2*m + 8*m - 4*m**2 - 19 - 49. What is g(5)?
-63
Suppose 3*r - 28 = 7*r - 5*x, 5*x = -3*r + 14. Let k(i) be the first derivative of i**2 + 3*i - 129. Give k(r).
-1
Let k(z) = 61*z + 492. Let v be k(-8). Let t(x) = -2*x**2 + 9*x + 2. Give t(v).
6
Let m(z) = -z**2 + 7*z - 9. Let h be m(6). Let d(n) = 2*n - 4. What is d(h)?
-10
Let a be 2/3 - 20/3. Let x = -42 + 43. Let q(k) = 1 + x + 3 + k. What is q(a)?
-1
Let u(f) = -f**3 - f**2 + 2*f + 2. Let o(s) = s**3 - 20*s**2 - 21*s + 20. Let d be o(21). Let a = d - 14. Suppose -a*l = -9*l - 6. Give u(l).
2
Suppose -5*f + 3 = -7. Let t(w) = 1. Let i(y) = -2*y + 5. Let u(b) = -i(b) + 2*t(b). Let m(a) = -4*a + 7. Let j(l) = -2*m(l) - 5*u(l). Calculate j(f).
-3
Let a = -15 - -21. Let s(y) = -y - 13*y**2 + 27*y**2 - 3*y - 13*y**2. Determine s(a).
12
Let h be 4/(-34) - 892/(-68). Let d = h + -12. Let x(v) = 15*v**2 + 3*v**2 - 2 + 1 + v. What is x(d)?
18
Let p be (44/8 + -6)/((-2)/20). Let i(h) = h**3 - 6*h**2 + 3*h + 1. What is i(p)?
-9
Let z(a) = 0 + a**3 + 3 + 3*a**2 + 3*a - 2. Let d(w) = -19*w**2 - 53*w + 10. Let l be d(-3). Determine z(l).
-1
Let a(d) be the third derivative of -d**6/120 + 11*d**5/60 + d**4/24 + d**3/6 - 93*d**2. Determine a(11).
12
Let t(k) = 9*k**2 + 29*k - 15. Let b(c) = -4*c**2 - 13*c + 7. Let v(a) = 7*b(a) + 3*t(a). What is v(2)?
-8
Let x(c) = -9 - 1 + 1 + 8*c - c**2. Let s = 1592 - 1585. Calculate x(s).
-2
Let w = -362 - -359. Let g(p) = -11*p + 1. Give g(w).
34
Let j(i) = 0*i - 6 - 15*i**3 - 5*i + 26 - 5*i + 10*i**2 + 14*i**3. Calculate j(9).
11
Let z(u) = -u**2 + 4*u - 3. Let s be z(3). Let b(l) = s*l - l - l**2 - l - 2. Suppose 0 = -10*n - 11007 + 10987. Give b(n).
-2
Let s be 6 + 320/(-50) - (-4)/10. Let h(c) be the second derivative of -1/3*c**3 - 1/2*c**2 + 4*c + s. Give h(-2).
3
Let l(f) be the third derivative of -f**8/20160 - f**7/420 - 7*f**6/360 - 13*f**5/60 + 24*f**2. Let b(p) be the third derivative of l(p). Calculate b(-11).
-3
Let l = -17 - -17. Suppose 5*w - 23 = -3*n - l*w, 5*n = -2*w + 13. Let h(s) = -2*s**2 + 5*s**2 - 4*s**2 + 2*s**2 - n - 7*s. What is h(7)?
-1
Let j(q) = q**3 + 23*q**2 + 41*q - 29. Let m be j(-21). Let f be ((-6)/m - 1/(-4))*-1. Let a(s) = 2*s - 1. Give a(f).
-3
Let g(n) = -3*n**2 + n + 2. Suppose 2*j - 1 = -3. Let q be g(j). Let k(s) = s**3 + 2*s**2 - 1. What is k(q)?
-1
Let c(r) = r**2 + 10*r + 20. Suppose -102 = -70*m + 87*m. Determine c(m).
-4
Let w(u) = u**2 + u - 2. Let l(a) = 2*a**2 - 9*a + 4. Let x(r) = -l(r) + 3*w(r). Calculate x(-11).
-21
Let h(w) = w - 2. Let v(j) = -j**2 - 8*j - 5. Let p be v(-7). Suppose 5*y - 17 = -p. What is h(y)?
1
Let b(j) = -7*j**2 - j + 3. Suppose -2*n + 4*l + 18 + 8 = 0, 5*l + 38 = 3*n. Let z(v) = -13*v**2 - v + 6. Let i(q) = n*b(q) - 6*z(q). Calculate i(3).
-9
Let o(u) = -u**2 - 3*u + 6. Let f be 2/(-8) + (-3 - (-33)/(-12)). Give o(f).
-12
Suppose 0 = 3*i + 3*u - 24, -2*u = -2*i - 0*u. Suppose z - 5*f = -i*z - 5, 0 = -f + 2. Let p(k) = -k - z - 4*k + 6*k**2 + 3 - k**3. Determine p(5).
2
Let k(s) = -s**2 + 7*s + 1. Let o be k(6). Let z(u) = -2*u + 48*u**2 - 132*u**2 + 48*u**2 - u**3 + 43*u**2. Determine z(o).
-14
Let a(f) = 37*f - 38 + 15 + 22. Give a(-1).
-38
Let o(s) = -s**2 + 11*s + 101. Let j be o(17). Let b(u) be the second derivative of 11*u**3/6 + 2*u. Calculate b(j).
-11
Let h(s) = 20*s**3 + s**2 - 1. Suppose -m = -10*i + 5*i - 34, -2*m = -2*i - 28. Let p(w) = w - 8. Let f be p(m). Determine h(f).
20
Let t(d) = -4*d - 3. Let u(y) = -5*y - 2. Let a(o) = 3*t(o) - 2*u(o). Calculate a(-4).
3
Let z(x) = 34*x. Suppose -15 = 59*s - 74*s. What is z(s)?
34
Let x(w) = 1. Let k(u) = -u - 5. Let i be (1/2)/(2/(-4)). Let t(p) = -p**2 + 2*p + 2. Let q be t(-2). Let g(h) = i*k(h) + q*x(h). Give g(4).
3
Let g(k) = k**3 - k**2 - k + 6. Let f be g(0). Let a = 7 - f. Let c(n) be the second derivative of -n**5/10 + n**4/6 - n**3/3 + n**2/2 - 7*n. Calculate c(a).
-1
Suppose 3*y - 5*y = -18. Suppose y*j - 2*j = 42. Let o(l) = 4*l**2 - l - 8. Let q(t) = -t**2 - t. Let a(m) = o(m) + 3*q(m). Give a(j).
4
Let o(v) = -3*v + 29. Let i be o(9). Let w(t) = -4 - t + 0*t - 3*t - t**i - 5*t. What is w(-9)?
-4
Suppose 2*v - 13 = -3*j - 3*v, -2 = 3*j + 2*v. Let y(g) = 3*g**2 - 10272 - g**3 - 5*g + 2*g**3 + 10271. What is y(j)?
3
Let g(r) be the first derivative of -r**2 - r - 1289. Let x = -4 + 8. Suppose 21 = -u - 4*u - x*f, 11 = u - 3*f. Give g(u).
1
Let f(m) = 125*m**3 + 71*m**3 - 194*m**3 - 5*m - 2 - 3*m**2. Calculate f(4).
58
Let v(m) = 13*m + 3. Suppose 18 = 9*z + 36. What is v(z)?
-23
Suppose 12*b = -6*b. Let n(x) = -2*x - 8. Give n(b).
-8
Let h(t) = -t + 2. Let y = -108 + 188. Suppose y = -2*g + 12*g. Calculate h(g).
-6
Let m(w) = 37*w**2 + w + 9. Let a(y) = 36*y**2 + y + 11. Let k(h) = 4*a(h) - 5*m(h). Calculate k(-1).
-41
Let b(w) = -14*w - 39. Let s(k) = 30*k + 78. Let n(t) = -9*b(t) - 4*s(t). What is n(-7)?
-3
Let o(b) = -b**2 - 5*b + 3. Let h(s) = s**2 + 8*s. Let x be 1 - 6*5/3. Let t be h(x). Suppose 3*u + 27 = t. Calculate o(u).
-3
Let p(q) = -q**2 - q + 193. Let j be p(0). Let f(b) = -197 + j + 0*b - b. Calculate f(6).
-10
Suppose 4*i + 8 = 60. Suppose -9 = 3*n - 3*z, -3*n - i = -2*z + 3*z. Let q(w) = -w + 3. Give q(n).
7
Suppose 9*l + 9 = 270. Suppose -4*f = 3*s - l, -10 - 3 = -3*s + 4*f. Let h(b) = -b - 1. Let j(u) = -1. Let k(t) = -h(t) + 5*j(t). What is k(s)?
3
Suppose 3*u + 2 = -4*x, -3*x = -x + 5*u + 8. Let g(w) = 32*w**2 - 1. Determine g(x).
31
Suppose 5*g - 10*g = -60. Let w(d) = -d**2 + 14*d - 16. Calculate w(g).
8
Let l = 1519 + -1522. Let t(p) = 2*p**3 + 4*p**2 - 3*p - 5. Give t(l).
-14
Let m(v) = -v**3 - 7*v**2 + 10*v - 9. Let z(g) = -g**3 + 16*g**2 + 19*g - 42. Let d be z(17). Give m(d).
-25
Let s = -644 + 647. Let q(x) = x**2 - 2*x + 2. Determine q(s).
5
Let v(s) = -4*s**2 - 2*s - 9. Let y(w) = 0 - 1 + 71*w - 72*w - w**2. Let l(m) = -v(m) + 3*y(m). Calculate l(0).
6
Let b(j) = -j**2 + 4*j + 1. Suppose -6*q + 53 + 25 = 0. Suppose -3*x = 2*g - 17, 3*x - 3*g + g = q. Calculate b(x).
-4
Let c(n) = -9*n + 31. Let b(k) = -k + 6. Let l(x) = 6*b(x) - c(x). Calculate l(-4).
-7
Let f(d) = d**2 + 3*d - 3. Let m be f(4). Let y = 21 - m. Let x(w) = -w**2 - 9*w. Determine x(y).
20
Let c(o) = -o**2 + 10*o - 3. Let n be c(9). Let q(j) = -5*j**2 + 0 + 2 + 4*j**2 - 4 - n*j. Give q(-7).
-9
Let w(f) = -f**3 - 6*f**2 - 2*f + 1. Suppose 3*u = 4*z - 37 + 16, 0 = 4*u + 4*z. What is w(u)?
-20
Let q(k) be the second derivative of 0*k**2 - 1/720*k**6 + 6*k + 0*k**5 + 1/3*k**4 + 0 + 0*k**3. Let l(f) be the third derivative of q(f). Determine l(2).
-2
Let s(z) = -z**3 + 7*z**2 + 9*z - 2. Let k be s(8). Let n(j) = 7*j - 5*j + 6*j + 2*j - j**2 - 7. Calculate n(k).
17
Let u(j) = 3*j**3 + 2*j**2 - 2*j + 1. Let z = 8 - 7. Let q be (-7)/7*(-3 + z). Suppose q*g = -6 + 8. Calculate u(g).
4
Let o(c) = c + 10. Suppose -5*j - 3*n + 77 = 0, -3*j + 79 = 2*j + n. Suppose 4*s = -j, w - 3*s - 6 = -0*w. What is o(w)?
4
Let z(o) = -o**2 - 9*o - 3. Let q(y) be the second derivative of -y**5/20 + y**4 + 13*y**3/6 - 7*y**2/2 - 13*y. Let l be q(13). Give z(l).
11
Let i(t) = -t**2 + 7*t - 3. Suppose -18 = 6*h + 108. Let j = 24 + h. What is i(j)?
9
Let u(c) = 7*c - 4. Let j(w) = -16*w + 9. Let h(a) = 3*j(a) + 7*u(a). Suppose -3 - 3 = y. Give h(y).
-7
Let y(j) = j**3 - 7*j**2 + 2*j - 6. Suppose -3 = -3*r + 15. Give y(r).
-30
Let w(l) be the second derivative of 7/6*l**3 - l - 5/2*l**2 + 0 - 1/12*l**4. Suppose -5 = u - 10. What is w(u)?
5
Let r(w) = 3*w - 14. Let i = 117 + -111. What is r(i)?
4
Let g(s) = -s**3 + 3*s**2 + 4*s - 1. Let u 